{"id":75,"date":"2024-12-29T21:42:10","date_gmt":"2024-12-29T20:42:10","guid":{"rendered":"https:\/\/echild.online\/?page_id=75"},"modified":"2024-12-30T20:36:54","modified_gmt":"2024-12-30T19:36:54","slug":"funktionalitat","status":"publish","type":"page","link":"https:\/\/echild.online\/index.php\/funktionalitat\/","title":{"rendered":"Funktionalit\u00e4t"},"content":{"rendered":"\t\t<div data-elementor-type=\"wp-page\" data-elementor-id=\"75\" class=\"elementor elementor-75\" data-elementor-post-type=\"page\">\n\t\t\t\t<div class=\"elementor-element elementor-element-e31da07 e-flex e-con-boxed e-con e-parent\" data-id=\"e31da07\" data-element_type=\"container\" data-e-type=\"container\">\n\t\t\t\t\t<div class=\"e-con-inner\">\n\t\t\t\t<div class=\"elementor-element elementor-element-9a5ea03 elementor-grid-3 elementor-grid-tablet-2 elementor-grid-mobile-1 elementor-posts--thumbnail-top elementor-posts--show-avatar elementor-card-shadow-yes elementor-posts__hover-gradient elementor-widget elementor-widget-posts\" data-id=\"9a5ea03\" data-element_type=\"widget\" data-e-type=\"widget\" data-settings=\"{&quot;pagination_type&quot;:&quot;load_more_infinite_scroll&quot;,&quot;cards_columns&quot;:&quot;3&quot;,&quot;cards_columns_tablet&quot;:&quot;2&quot;,&quot;cards_columns_mobile&quot;:&quot;1&quot;,&quot;cards_row_gap&quot;:{&quot;unit&quot;:&quot;px&quot;,&quot;size&quot;:35,&quot;sizes&quot;:[]},&quot;cards_row_gap_tablet&quot;:{&quot;unit&quot;:&quot;px&quot;,&quot;size&quot;:&quot;&quot;,&quot;sizes&quot;:[]},&quot;cards_row_gap_mobile&quot;:{&quot;unit&quot;:&quot;px&quot;,&quot;size&quot;:&quot;&quot;,&quot;sizes&quot;:[]},&quot;load_more_spinner&quot;:{&quot;value&quot;:&quot;fas fa-spinner&quot;,&quot;library&quot;:&quot;fa-solid&quot;}}\" data-widget_type=\"posts.cards\">\n\t\t\t\t<div class=\"elementor-widget-container\">\n\t\t\t\t\t\t\t<div class=\"elementor-posts-container elementor-posts elementor-posts--skin-cards elementor-grid\" role=\"list\">\n\t\t\t\t<article class=\"elementor-post elementor-grid-item post-487 post type-post status-publish format-standard hentry category-echild category-funktionalitat\" role=\"listitem\">\n\t\t\t<div class=\"elementor-post__card\">\n\t\t\t\t<div class=\"elementor-post__text\">\n\t\t\t\t<h3 class=\"elementor-post__title\">\n\t\t\t<a href=\"https:\/\/echild.online\/index.php\/2024\/12\/30\/aktueller-stand-der-software\/\" target=&quot;_blank&quot;>\n\t\t\t\t01 &#8211; Aktueller Stand der Software\t\t\t<\/a>\n\t\t<\/h3>\n\t\t\t\t<div class=\"elementor-post__excerpt\">\n\t\t\t<p>eChild entstand aus der praktischen Arbeit mit Kindern, die interdisziplin\u00e4re Fr\u00fchf\u00f6rderung ben\u00f6tigen. eChild wurde aus der Praxis f\u00fcr die Praxis von einem erfahrenen Kinderarzt und IT-Spezialisten pers\u00f6nlich entwickelt. Die einzelnen Module sind daher intuitiv erfassbar<\/p>\n\t\t<\/div>\n\t\t\n\t\t<a class=\"elementor-post__read-more\" href=\"https:\/\/echild.online\/index.php\/2024\/12\/30\/aktueller-stand-der-software\/\" aria-label=\"Read more about 01 &#8211; Aktueller Stand der Software\" tabindex=\"-1\" target=\"_blank\">\n\t\t\tRead More \u00bb\t\t<\/a>\n\n\t\t\t\t<\/div>\n\t\t\t\t<div class=\"elementor-post__meta-data\">\n\t\t\t\t\t<span class=\"elementor-post-date\">\n\t\t\t30. Dez. 2024\t\t<\/span>\n\t\t\t\t<span class=\"elementor-post-avatar\">\n\t\t\tKeine Kommentare\t\t<\/span>\n\t\t\t\t<\/div>\n\t\t\t\t\t<\/div>\n\t\t<\/article>\n\t\t\t\t<article class=\"elementor-post elementor-grid-item post-517 post type-post status-publish format-standard hentry category-echild category-funktionalitat\" role=\"listitem\">\n\t\t\t<div class=\"elementor-post__card\">\n\t\t\t\t<div class=\"elementor-post__text\">\n\t\t\t\t<h3 class=\"elementor-post__title\">\n\t\t\t<a href=\"https:\/\/echild.online\/index.php\/2024\/12\/30\/kontext-sensitive-textvorlagen-mit-schlusselwortern\/\" target=&quot;_blank&quot;>\n\t\t\t\t02 &#8211; Kontext-sensitive Textvorlagen mit Schl\u00fcsselw\u00f6rtern\t\t\t<\/a>\n\t\t<\/h3>\n\t\t\t\t<div class=\"elementor-post__excerpt\">\n\t\t\t<p>Schl\u00fcsselw\u00f6rter und Textbausteine dienen der automatischen Textgenerierung und individuellen Gestaltung. Zurzeit liegen Textvorlagen f\u00fcr jede Altersgruppe, Berichtabschnitt und Patiententyp (z.B. PatientInnen mit Sprachbarriere, Autismus Spektrum usw.) vor. Dies k\u00f6nnen beliebig ver\u00e4ndert oder erg\u00e4nzt werden. Zurzeit<\/p>\n\t\t<\/div>\n\t\t\n\t\t<a class=\"elementor-post__read-more\" href=\"https:\/\/echild.online\/index.php\/2024\/12\/30\/kontext-sensitive-textvorlagen-mit-schlusselwortern\/\" aria-label=\"Read more about 02 &#8211; Kontext-sensitive Textvorlagen mit Schl\u00fcsselw\u00f6rtern\" tabindex=\"-1\" target=\"_blank\">\n\t\t\tRead More \u00bb\t\t<\/a>\n\n\t\t\t\t<\/div>\n\t\t\t\t<div class=\"elementor-post__meta-data\">\n\t\t\t\t\t<span class=\"elementor-post-date\">\n\t\t\t30. Dez. 2024\t\t<\/span>\n\t\t\t\t<span class=\"elementor-post-avatar\">\n\t\t\tKeine Kommentare\t\t<\/span>\n\t\t\t\t<\/div>\n\t\t\t\t\t<\/div>\n\t\t<\/article>\n\t\t\t\t<article class=\"elementor-post elementor-grid-item post-522 post type-post status-publish format-standard hentry category-echild category-funktionalitat\" role=\"listitem\">\n\t\t\t<div class=\"elementor-post__card\">\n\t\t\t\t<div class=\"elementor-post__text\">\n\t\t\t\t<h3 class=\"elementor-post__title\">\n\t\t\t<a href=\"https:\/\/echild.online\/index.php\/2024\/12\/30\/icd-suche\/\" target=&quot;_blank&quot;>\n\t\t\t\t03 &#8211; ICD Suche\t\t\t<\/a>\n\t\t<\/h3>\n\t\t\t\t<div class=\"elementor-post__excerpt\">\n\t\t\t<p>Die vollst\u00e4ndige ICD-Systematik ist in der Anwendung nahtlos integriert. Individuell erstellte Einsprungmarken helfen, die entsprechenden Stellen im ICD-Katalog anzuzeigen und den relevanten Code per Mausklick in den Diagnose-Abschnitt des Berichtes zu \u00fcbernehmen. Die jeweils aktuelle<\/p>\n\t\t<\/div>\n\t\t\n\t\t<a class=\"elementor-post__read-more\" href=\"https:\/\/echild.online\/index.php\/2024\/12\/30\/icd-suche\/\" aria-label=\"Read more about 03 &#8211; ICD Suche\" tabindex=\"-1\" target=\"_blank\">\n\t\t\tRead More \u00bb\t\t<\/a>\n\n\t\t\t\t<\/div>\n\t\t\t\t<div class=\"elementor-post__meta-data\">\n\t\t\t\t\t<span class=\"elementor-post-date\">\n\t\t\t30. Dez. 2024\t\t<\/span>\n\t\t\t\t<span class=\"elementor-post-avatar\">\n\t\t\tKeine Kommentare\t\t<\/span>\n\t\t\t\t<\/div>\n\t\t\t\t\t<\/div>\n\t\t<\/article>\n\t\t\t\t<article class=\"elementor-post elementor-grid-item post-537 post type-post status-publish format-standard hentry category-echild category-funktionalitat\" role=\"listitem\">\n\t\t\t<div class=\"elementor-post__card\">\n\t\t\t\t<div class=\"elementor-post__text\">\n\t\t\t\t<h3 class=\"elementor-post__title\">\n\t\t\t<a href=\"https:\/\/echild.online\/index.php\/2024\/12\/30\/automatische-perzentilenberechnung\/\" target=&quot;_blank&quot;>\n\t\t\t\t04 &#8211; Automatische Perzentilenberechnung\t\t\t<\/a>\n\t\t<\/h3>\n\t\t\t\t<div class=\"elementor-post__excerpt\">\n\t\t\t<p>Die KiGGs-Daten sind vollst\u00e4ndig in der Applikation enthalten. Daraus lassen sich automatisch anhand von Alter und Geschlecht die Perzentilen oder Z-Scores f\u00fcr K\u00f6rpergewicht, K\u00f6rperl\u00e4nge, BMI und Kopfumfang ermitteln. \u00dcber Schl\u00fcsselw\u00f6rter werden die Ergebnisse in den<\/p>\n\t\t<\/div>\n\t\t\n\t\t<a class=\"elementor-post__read-more\" href=\"https:\/\/echild.online\/index.php\/2024\/12\/30\/automatische-perzentilenberechnung\/\" aria-label=\"Read more about 04 &#8211; Automatische Perzentilenberechnung\" tabindex=\"-1\" target=\"_blank\">\n\t\t\tRead More \u00bb\t\t<\/a>\n\n\t\t\t\t<\/div>\n\t\t\t\t<div class=\"elementor-post__meta-data\">\n\t\t\t\t\t<span class=\"elementor-post-date\">\n\t\t\t30. Dez. 2024\t\t<\/span>\n\t\t\t\t<span class=\"elementor-post-avatar\">\n\t\t\tKeine Kommentare\t\t<\/span>\n\t\t\t\t<\/div>\n\t\t\t\t\t<\/div>\n\t\t<\/article>\n\t\t\t\t<article class=\"elementor-post elementor-grid-item post-542 post type-post status-publish format-standard hentry category-echild category-funktionalitat\" role=\"listitem\">\n\t\t\t<div class=\"elementor-post__card\">\n\t\t\t\t<div class=\"elementor-post__text\">\n\t\t\t\t<h3 class=\"elementor-post__title\">\n\t\t\t<a href=\"https:\/\/echild.online\/index.php\/2024\/12\/30\/tabellarische-erfassung-der-bewertung\/\" target=&quot;_blank&quot;>\n\t\t\t\t05 &#8211; Tabellarische Erfassung der Bewertung\t\t\t<\/a>\n\t\t<\/h3>\n\t\t\t\t<div class=\"elementor-post__excerpt\">\n\t\t\t<p>Integrierte Testsuite Im Folgenden wird gezeigt, wie viele der Tests direkt am Bildschirm erfasst werden k\u00f6nnen. Idealerweise erfolgt dies patientennah mit Hilfe eines Laptops oder Tablets. Ein ber\u00fchrungsempfindlicher Bildschirm ist besonders vorteilhaft, da er die<\/p>\n\t\t<\/div>\n\t\t\n\t\t<a class=\"elementor-post__read-more\" href=\"https:\/\/echild.online\/index.php\/2024\/12\/30\/tabellarische-erfassung-der-bewertung\/\" aria-label=\"Read more about 05 &#8211; Tabellarische Erfassung der Bewertung\" tabindex=\"-1\" target=\"_blank\">\n\t\t\tRead More \u00bb\t\t<\/a>\n\n\t\t\t\t<\/div>\n\t\t\t\t<div class=\"elementor-post__meta-data\">\n\t\t\t\t\t<span class=\"elementor-post-date\">\n\t\t\t30. Dez. 2024\t\t<\/span>\n\t\t\t\t<span class=\"elementor-post-avatar\">\n\t\t\tKeine Kommentare\t\t<\/span>\n\t\t\t\t<\/div>\n\t\t\t\t\t<\/div>\n\t\t<\/article>\n\t\t\t\t<article class=\"elementor-post elementor-grid-item post-550 post type-post status-publish format-standard hentry category-echild category-funktionalitat\" role=\"listitem\">\n\t\t\t<div class=\"elementor-post__card\">\n\t\t\t\t<div class=\"elementor-post__text\">\n\t\t\t\t<h3 class=\"elementor-post__title\">\n\t\t\t<a href=\"https:\/\/echild.online\/index.php\/2024\/12\/30\/sprachliche-und-kognitive-tests-ubersicht\/\" target=&quot;_blank&quot;>\n\t\t\t\t06 &#8211; Sprachliche und Kognitive Tests &#8211; \u00dcbersicht\t\t\t<\/a>\n\t\t<\/h3>\n\t\t\t\t<div class=\"elementor-post__excerpt\">\n\t\t\t\t\t<\/div>\n\t\t\n\t\t<a class=\"elementor-post__read-more\" href=\"https:\/\/echild.online\/index.php\/2024\/12\/30\/sprachliche-und-kognitive-tests-ubersicht\/\" aria-label=\"Read more about 06 &#8211; Sprachliche und Kognitive Tests &#8211; \u00dcbersicht\" tabindex=\"-1\" target=\"_blank\">\n\t\t\tRead More \u00bb\t\t<\/a>\n\n\t\t\t\t<\/div>\n\t\t\t\t<div class=\"elementor-post__meta-data\">\n\t\t\t\t\t<span class=\"elementor-post-date\">\n\t\t\t30. Dez. 2024\t\t<\/span>\n\t\t\t\t<span class=\"elementor-post-avatar\">\n\t\t\tKeine Kommentare\t\t<\/span>\n\t\t\t\t<\/div>\n\t\t\t\t\t<\/div>\n\t\t<\/article>\n\t\t\t\t<\/div>\n\t\t\t\t\t<span class=\"e-load-more-spinner\">\n\t\t\t\t<svg aria-hidden=\"true\" class=\"e-font-icon-svg e-fas-spinner\" viewBox=\"0 0 512 512\" xmlns=\"http:\/\/www.w3.org\/2000\/svg\"><path d=\"M304 48c0 26.51-21.49 48-48 48s-48-21.49-48-48 21.49-48 48-48 48 21.49 48 48zm-48 368c-26.51 0-48 21.49-48 48s21.49 48 48 48 48-21.49 48-48-21.49-48-48-48zm208-208c-26.51 0-48 21.49-48 48s21.49 48 48 48 48-21.49 48-48-21.49-48-48-48zM96 256c0-26.51-21.49-48-48-48S0 229.49 0 256s21.49 48 48 48 48-21.49 48-48zm12.922 99.078c-26.51 0-48 21.49-48 48s21.49 48 48 48 48-21.49 48-48c0-26.509-21.491-48-48-48zm294.156 0c-26.51 0-48 21.49-48 48s21.49 48 48 48 48-21.49 48-48c0-26.509-21.49-48-48-48zM108.922 60.922c-26.51 0-48 21.49-48 48s21.49 48 48 48 48-21.49 48-48-21.491-48-48-48z\"><\/path><\/svg>\t\t\t<\/span>\n\t\t\n\t\t\t\t<div class=\"e-load-more-anchor\" data-page=\"1\" data-max-page=\"2\" data-next-page=\"https:\/\/echild.online\/index.php\/wp-json\/wp\/v2\/pages\/75\/page\/2\/\"><\/div>\n\t\t\t\t<div class=\"e-load-more-message\"><\/div>\n\t\t\t\t\t\t<\/div>\n\t\t\t\t<\/div>\n\t\t\t\t\t<\/div>\n\t\t\t\t<\/div>\n\t\t<div class=\"elementor-element elementor-element-f8a4379 e-flex e-con-boxed e-con e-parent\" data-id=\"f8a4379\" data-element_type=\"container\" data-e-type=\"container\">\n\t\t\t\t\t<div class=\"e-con-inner\">\n\t\t\t\t<div class=\"elementor-element elementor-element-88ad640 elementor-widget elementor-widget-text-editor\" data-id=\"88ad640\" data-element_type=\"widget\" data-e-type=\"widget\" data-widget_type=\"text-editor.default\">\n\t\t\t\t<div class=\"elementor-widget-container\">\n\t\t\t\t\t\t\t\t\t<p><strong>Umfassende Testmodule<\/strong><\/p><ul><li><strong>Motorik:<\/strong> Beurteilung der Grob- und Feinmotorik mit interaktiven Likert-Skalen.<\/li><li><strong>Kognitive Tests:<\/strong> Messung von Aufmerksamkeit, Ged\u00e4chtnis und Probleml\u00f6sung.<\/li><li><strong>Sprachtests:<\/strong> Aktiver Wortschatz, Satzverst\u00e4ndnis und Artikulationspr\u00fcfung mit einer umfangreichen Bilddatenbank.<\/li><\/ul><p><strong>Automatische Datenverarbeitung<\/strong><br \/>eChild berechnet Perzentilen und Z-Scores automatisch basierend auf Alter und Geschlecht und integriert die Ergebnisse direkt in Berichte.<\/p><p><strong>Integrierte ICD-Suche<\/strong><br \/>Mit der intelligenten Suchfunktion k\u00f6nnen Sie ICD-Codes schnell finden und mit einem Klick in Berichte einf\u00fcgen.<\/p><p><strong>Benutzerfreundliches Design<\/strong><br \/>Das intuitive System erleichtert die Nutzung f\u00fcr Fachkr\u00e4fte wie Kinder\u00e4rzte, Therapeuten und P\u00e4dagogen.<\/p><p><a href=\"#\" rel=\"noopener\">Alle Funktionen entdecken<\/a><\/p>\t\t\t\t\t\t\t\t<\/div>\n\t\t\t\t<\/div>\n\t\t\t\t\t<\/div>\n\t\t\t\t<\/div>\n\t\t\t\t<\/div>\n\t\t","protected":false},"excerpt":{"rendered":"<p>Umfassende Testmodule Motorik: Beurteilung der Grob- und Feinmotorik mit interaktiven Likert-Skalen. Kognitive Tests: Messung von Aufmerksamkeit, Ged\u00e4chtnis und Probleml\u00f6sung. Sprachtests: Aktiver Wortschatz, Satzverst\u00e4ndnis und Artikulationspr\u00fcfung mit einer umfangreichen Bilddatenbank. Automatische DatenverarbeitungeChild berechnet Perzentilen und Z-Scores automatisch basierend auf Alter und Geschlecht und integriert die Ergebnisse direkt in Berichte. Integrierte ICD-SucheMit der intelligenten Suchfunktion k\u00f6nnen Sie&hellip;&nbsp;<a href=\"https:\/\/echild.online\/index.php\/2024\/12\/30\/sprachliche-und-kognitive-tests-ubersicht\/\" rel=\"bookmark\">Read More &raquo;<span class=\"screen-reader-text\">06 &#8211; Sprachliche und Kognitive Tests &#8211; \u00dcbersicht<\/span><\/a><\/p>\n","protected":false},"author":1,"featured_media":95,"parent":0,"menu_order":0,"comment_status":"closed","ping_status":"closed","template":"","meta":{"neve_meta_sidebar":"","neve_meta_container":"","neve_meta_enable_content_width":"","neve_meta_content_width":0,"neve_meta_title_alignment":"","neve_meta_author_avatar":"","neve_post_elements_order":"","neve_meta_disable_header":"","neve_meta_disable_footer":"","neve_meta_disable_title":"","neve_meta_reading_time":"","footnotes":""},"class_list":["post-75","page","type-page","status-publish","has-post-thumbnail","hentry"],"_links":{"self":[{"href":"https:\/\/echild.online\/index.php\/wp-json\/wp\/v2\/pages\/75","targetHints":{"allow":["GET"]}}],"collection":[{"href":"https:\/\/echild.online\/index.php\/wp-json\/wp\/v2\/pages"}],"about":[{"href":"https:\/\/echild.online\/index.php\/wp-json\/wp\/v2\/types\/page"}],"author":[{"embeddable":true,"href":"https:\/\/echild.online\/index.php\/wp-json\/wp\/v2\/users\/1"}],"replies":[{"embeddable":true,"href":"https:\/\/echild.online\/index.php\/wp-json\/wp\/v2\/comments?post=75"}],"version-history":[{"count":13,"href":"https:\/\/echild.online\/index.php\/wp-json\/wp\/v2\/pages\/75\/revisions"}],"predecessor-version":[{"id":621,"href":"https:\/\/echild.online\/index.php\/wp-json\/wp\/v2\/pages\/75\/revisions\/621"}],"wp:featuredmedia":[{"embeddable":true,"href":"https:\/\/echild.online\/index.php\/wp-json\/wp\/v2\/media\/95"}],"wp:attachment":[{"href":"https:\/\/echild.online\/index.php\/wp-json\/wp\/v2\/media?parent=75"}],"curies":[{"name":"wp","href":"https:\/\/api.w.org\/{rel}","templated":true}]}}